20?
1494
Calculate the remainder when 168312 is divided by 26.
14
What is the remainder when 9575 is divided by 394?
119
What is the remainder when 6217 is divided by 232?
185
What is the remainder when 2167 is divided by 682?
121
Calculate the remainder when 404071 is divided by 5612.
7
Calculate the remainder when 144300 is divided by 216.
12
Calculate the remainder when 21829 is divided by 106.
99
What is the remainder when 197341 is divided by 243?
25
Calculate the remainder when 57700 is divided by 14420.
20
What is the remainder when 11701 is divided by 11692?
9
What is the remainder when 211806 is divided by 319?
309
Calculate the remainder when 10114460 is divided by 1429.
1427
Calculate the remainder when 42604 is divided by 48.
28
What is the remainder when 126968 is divided by 346?
332
What is the remainder when 24629 is divided by 8203?
20
Calculate the remainder when 42365 is divided by 350.
15
What is the remainder when 795877 is divided by 24871?
5
Calculate the remainder when 47592 is divided by 19.
16
What is the remainder when 8837 is divided by 149?
46
What is the remainder when 490246 is divided by 7660?
6
Calculate the remainder when 7297 is divided by 2986.
1325
Calculate the remainder when 26771 is divided by 47.
28
What is the remainder when 16705 is divided by 759?
7
What is the remainder when 5562 is divided by 44?
18
What is the remainder when 6889 is divided by 630?
589
What is the remainder when 154921 is divided by 184?
177
What is the remainder when 2391 is divided by 2363?
28
What is the remainder when 11909 is divided by 9251?
2658
What is the remainder when 56712 is divided by 199?
196
Calculate the remainder when 571861 is divided by 142962.
13
What is the remainder when 1092766 is divided by 48?
46
Calculate the remainder when 102198 is divided by 1649.
1609
Calculate the remainder when 212822 is divided by 37.
35
What is the remainder when 3580 is divided by 3560?
20
What is the remainder when 4987 is divided by 2403?
181
What is the remainder when 96585 is divided by 2298?
69
Calculate the remainder when 7150 is divided by 239.
219
Calculate the remainder when 813 is divided by 379.
55
Calculate the remainder when 63543 is divided by 119.
116
What is the remainder when 3091 is divided by 312?
283
Calculate the remainder when 40895 is divided by 77.
8
What is the remainder when 69981 is divided by 648?
645
What is the remainder when 29332 is divided by 14660?
12
Calculate the remainder when 13236 is divided by 26.
2
Calculate the remainder when 788941 is divided by 52.
49
What is the remainder when 134132 is divided by 162?
158
Calculate the remainder when 1462551 is divided by 41.
40
What is the remainder when 4316669 is divided by 90?
89
Calculate the remainder when 3039 is divided by 11.
3
What is the remainder when 50274 is divided by 76?
38
What is the remainder when 15242 is divided by 3809?
6
What is the remainder when 871247 is divided by 170?
167
Calculate the remainder when 129 is divided by 108.
21
What is the remainder when 13715575 is divided by 31?
28
What is the remainder when 60892 is divided by 146?
10
Calculate the remainder when 41475 is divided by 47.
21
What is the remainder when 2073 is divided by 516?
9
Calculate the remainder when 67925 is divided by 386.
375
Calculate the remainder when 21110 is divided by 232.
230
Calculate the remainder when 4257 is divided by 18.
9
Calculate the remainder when 1299 is divided by 361.
216
What is the remainder when 4527 is divided by 66?
39
Calculate the remainder when 5482 is divided by 889.
148
What is the remainder when 2666 is divided by 421?
140
What is the remainder when 2198 is divided by 1449?
749
Calculate the remainder when 15847 is divided by 7914.
19
Calculate the remainder when 1847 is divided by 74.
71
Calculate the remainder when 57 is divided by 24.
9
What is the remainder when 15270 is divided by 15257?
13
Calculate the remainder when 11641 is divided by 553.
28
What is the remainder when 428 is divided by 277?
151
Calculate the remainder when 750433 is divided by 245.
243
Calculate the remainder when 11134 is divided by 129.
40
What is the remainder when 2257 is divided by 22?
13
Calculate the remainder when 564869 is divided by 56.
53
Calculate the remainder when 46368 is divided by 29.
26
Calculate the remainder when 179774 is divided by 53.
51
Calculate the remainder when 1585 is divided by 182.
129
What is the remainder when 30473 is divided by 6087?
38
Calculate the remainder when 580939 is divided by 3.
1
What is the remainder when 201673 is divided by 291?
10
What is the remainder when 32218 is divided by 7?
4
Calculate the remainder when 36870 is divided by 7357.
85
Calculate the remainder when 7981 is divided by 2508.
457
What is the remainder when 48422 is divided by 682?
0
What is the remainder when 18072 is divided by 583?
582
Calculate the remainder when 1366 is divided by 176.
134
What is the remainder when 563 is divided by 435?
128
Calculate the remainder when 1796 is divided by 60.
56
Calculate the remainder when 177170 is divided by 13628.
6
Calculate the remainder when 4833 is divided by 538.
529
Calculate the remainder when 27466 is divided by 12.
10
Calculate the remainder when 23583 is divided by 176.
175
Calculate the remainder when 7075 is divided by 35.
5
Calculate the remainder when 4765 is divided by 2166.
433
Calculate the remainder when 1437 is divided by 429.
150
Calculate the remainder when 1960 is divided by 41.
33
What is the remainder when 100022 is divided by 47?
6
What is the remainder when 43513 is divided by 713?
20
What is the remainder when 21895 is divided by 911?
31
Calculate the remainder when 41198 is divided by 50.
48
Calculate the remainder when 8340 is divided by 2015.
280
Calculate the remainder when 1644 is divided by 54.
24
Calculate the remainder when 393537 is divided by 6.
3
Calculate the remainder when 73280 is divided by 406.
200
What is the remainder when 1680 is divided by 6?
0
Calculate the remainder when 7293 is divided by 3632.
29
Calculate the remainder when 31362 is divided by 12.
6
What is the remainder when 7175 is divided by 1548?
983
Calculate the remainder when 7090 is divided by 7076.
14
What is the remainder when 170 is divided by 41?
6
Calculate the remainder when 2285 is divided by 254.
253
What is the remainder when 1558 is divided by 1500?
58
What is the remainder when 212604 is divided by 53147?
16
What is the remainder when 567720 is divided by 73?
72
Calculate the remainder when 5662 is divided by 1516.
1114
Calculate the remainder when 20290 is divided by 53.
44
Calculate the remainder when 24501 is divided by 7846.
963
Calculate the remainder when 39301 is divided by 145.
6
What is the remainder when 678 is divided by 282?
114
What is the remainder when 7087 is divided by 230?
187
Calculate the remainder when 13714 is divided by 1230.
184
What is the remainder when 537601 is divided by 448?
1
Calculate the remainder when 43675 is divided by 119.
2
Calculate the remainder when 9734 is divided by 4867.
0
Calculate the remainder when 54369 is divided by 145.
139
Calculate the remainder when 1853 is divided by 595.
68
Calculate the remainder when 3738 is divided by 543.
480
Calculate the remainder when 165679 is divided by 41411.
35
Calculate the remainder when 7224 is divided by 475.
99
What is the remainder when 207323 is divided by 103622?
79
What is the remainder when 1564 is divided by 387?
16
What is the remainder when 655906 is divided by 10?
6
Calculate the remainder when 2237 is divided by 30.
17
What is the remainder when 79898 is divided by 26588?
134
Calculate the remainder when 568620 is divided by 83.
70
What is the remainder when 27572 is divided by 9094?
290
Calculate the remainder when 2203 is divided by 508.
171
What is the remainder when 20972 is divided by 803?
94
Calculate the remainder when 521173 is divided by 313.
28
Calculate the remainder when 24020 is divided by 5995.
40
Calculate the remainder when 7070 is divided by 471.
5
What is the remainder when 4681 is divided by 107?
80
What is the remainder when 27870 is divided by 4?
2
Calculate the remainder when 6250 is divided by 39.
10
Calculate the remainder when 23741 is divid